[INFO] cloning repository https://github.com/frutmonkey/forced_fracture
[INFO] running `Command { std: "git" "-c" "credential.helper=" "-c" "credential.helper=/workspace/cargo-home/bin/git-credential-null" "clone" "--bare" "https://github.com/frutmonkey/forced_fracture" "/workspace/cache/git-repos/https%3A%2F%2Fgithub.com%2Ffrutmonkey%2Fforced_fracture", kill_on_drop: false }`
[INFO] [stderr] Cloning into bare repository '/workspace/cache/git-repos/https%3A%2F%2Fgithub.com%2Ffrutmonkey%2Fforced_fracture'...
[INFO] running `Command { std: "git" "rev-parse" "HEAD", kill_on_drop: false }`
[INFO] [stdout] d7b164fc3e0e94aaadedb50bad8483b4610a7440
[INFO] checking frutmonkey/forced_fracture against try#72f88fc4e9458f89516a0b8b0868f3718aec5b47 for pr-74989
[INFO] running `Command { std: "git" "clone" "/workspace/cache/git-repos/https%3A%2F%2Fgithub.com%2Ffrutmonkey%2Fforced_fracture" "/workspace/builds/worker-9/source", kill_on_drop: false }`
[INFO] [stderr] Cloning into '/workspace/builds/worker-9/source'...
[INFO] [stderr] done.
[INFO] validating manifest of git repo https://github.com/frutmonkey/forced_fracture on toolchain 72f88fc4e9458f89516a0b8b0868f3718aec5b47
[INFO] running `Command { std: "/workspace/cargo-home/bin/cargo" "+72f88fc4e9458f89516a0b8b0868f3718aec5b47" "read-manifest" "--manifest-path" "Cargo.toml", kill_on_drop: false }`
[INFO] started tweaking git repo https://github.com/frutmonkey/forced_fracture
[INFO] finished tweaking git repo https://github.com/frutmonkey/forced_fracture
[INFO] tweaked toml for git repo https://github.com/frutmonkey/forced_fracture written to /workspace/builds/worker-9/source/Cargo.toml
[INFO] crate git repo https://github.com/frutmonkey/forced_fracture already has a lockfile, it will not be regenerated
[INFO] running `Command { std: "/workspace/cargo-home/bin/cargo" "+72f88fc4e9458f89516a0b8b0868f3718aec5b47" "fetch" "--locked" "--manifest-path" "Cargo.toml", kill_on_drop: false }`
[INFO] [stderr] error: the lock file /workspace/builds/worker-9/source/Cargo.lock needs to be updated but --locked was passed to prevent this
[INFO] [stderr] If you want to try to generate the lock file without accessing the network, use the --offline flag.
[INFO] the lockfile is outdated, regenerating it
[INFO] running `Command { std: "/workspace/cargo-home/bin/cargo" "+72f88fc4e9458f89516a0b8b0868f3718aec5b47" "generate-lockfile" "--manifest-path" "Cargo.toml" "-Zno-index-update", kill_on_drop: false }`
[INFO] running `Command { std: "/workspace/cargo-home/bin/cargo" "+72f88fc4e9458f89516a0b8b0868f3718aec5b47" "fetch" "--locked" "--manifest-path" "Cargo.toml", kill_on_drop: false }`
[INFO] running `Command { std: "docker" "create" "-v" "/var/lib/crater-agent-workspace/builds/worker-9/target:/opt/rustwide/target:rw,Z" "-v" "/var/lib/crater-agent-workspace/builds/worker-9/source:/opt/rustwide/workdir:ro,Z" "-v" "/var/lib/crater-agent-workspace/cargo-home:/opt/rustwide/cargo-home:ro,Z" "-v" "/var/lib/crater-agent-workspace/rustup-home:/opt/rustwide/rustup-home:ro,Z" "-e" "SOURCE_DIR=/opt/rustwide/workdir" "-e" "CARGO_TARGET_DIR=/opt/rustwide/target" "-e" "CARGO_HOME=/opt/rustwide/cargo-home" "-e" "RUSTUP_HOME=/opt/rustwide/rustup-home" "-w" "/opt/rustwide/workdir" "-m" "1610612736" "--user" "0:0" "--network" "none" "rustops/crates-build-env@sha256:d92eaeed33fa75130ca1ee6c8a01d1ffb62bac859dfdfb3450e3e5d1c0146529" "/opt/rustwide/cargo-home/bin/cargo" "+72f88fc4e9458f89516a0b8b0868f3718aec5b47" "metadata" "--no-deps" "--format-version=1", kill_on_drop: false }`
[INFO] [stdout] b11ce5d1eb8e600b995dff242282c2ae2f4d79e4285120909e0f7474a41fa738
[INFO] [stderr] WARNING: Your kernel does not support swap limit capabilities or the cgroup is not mounted. Memory limited without swap.
[INFO] running `Command { std: "docker" "start" "-a" "b11ce5d1eb8e600b995dff242282c2ae2f4d79e4285120909e0f7474a41fa738", kill_on_drop: false }`
[INFO] running `Command { std: "docker" "inspect" "b11ce5d1eb8e600b995dff242282c2ae2f4d79e4285120909e0f7474a41fa738", kill_on_drop: false }`
[INFO] running `Command { std: "docker" "rm" "-f" "b11ce5d1eb8e600b995dff242282c2ae2f4d79e4285120909e0f7474a41fa738", kill_on_drop: false }`
[INFO] [stdout] b11ce5d1eb8e600b995dff242282c2ae2f4d79e4285120909e0f7474a41fa738
[INFO] running `Command { std: "docker" "create" "-v" "/var/lib/crater-agent-workspace/builds/worker-9/target:/opt/rustwide/target:rw,Z" "-v" "/var/lib/crater-agent-workspace/builds/worker-9/source:/opt/rustwide/workdir:ro,Z" "-v" "/var/lib/crater-agent-workspace/cargo-home:/opt/rustwide/cargo-home:ro,Z" "-v" "/var/lib/crater-agent-workspace/rustup-home:/opt/rustwide/rustup-home:ro,Z" "-e" "SOURCE_DIR=/opt/rustwide/workdir" "-e" "CARGO_TARGET_DIR=/opt/rustwide/target" "-e" "CARGO_INCREMENTAL=0" "-e" "RUST_BACKTRACE=full" "-e" "RUSTFLAGS=--cap-lints=forbid" "-e" "CARGO_HOME=/opt/rustwide/cargo-home" "-e" "RUSTUP_HOME=/opt/rustwide/rustup-home" "-w" "/opt/rustwide/workdir" "-m" "1610612736" "--user" "0:0" "--network" "none" "rustops/crates-build-env@sha256:d92eaeed33fa75130ca1ee6c8a01d1ffb62bac859dfdfb3450e3e5d1c0146529" "/opt/rustwide/cargo-home/bin/cargo" "+72f88fc4e9458f89516a0b8b0868f3718aec5b47" "check" "--frozen" "--all" "--all-targets" "--message-format=json", kill_on_drop: false }`
[INFO] [stdout] c76c15cf2bfa5829b66d7774092dccd3239ad33e3a984edd53ae1f598104f37b
[INFO] [stderr] WARNING: Your kernel does not support swap limit capabilities or the cgroup is not mounted. Memory limited without swap.
[INFO] running `Command { std: "docker" "start" "-a" "c76c15cf2bfa5829b66d7774092dccd3239ad33e3a984edd53ae1f598104f37b", kill_on_drop: false }`
[INFO] [stderr]    Compiling libc v0.2.77
[INFO] [stderr]     Checking cfg-if v0.1.10
[INFO] [stderr]    Compiling log v0.4.11
[INFO] [stderr]    Compiling xml-rs v0.8.3
[INFO] [stderr]     Checking lazy_static v1.4.0
[INFO] [stderr]    Compiling khronos_api v3.1.0
[INFO] [stderr]    Compiling maybe-uninit v2.0.0
[INFO] [stderr]    Compiling proc-macro2 v0.4.30
[INFO] [stderr]    Compiling unicode-xid v0.1.0
[INFO] [stderr]    Compiling libloading v0.6.3
[INFO] [stderr]    Compiling nix v0.14.1
[INFO] [stderr]     Checking void v1.0.2
[INFO] [stderr]     Checking slab v0.4.2
[INFO] [stderr]     Checking lazycell v1.3.0
[INFO] [stderr]    Compiling pkg-config v0.3.18
[INFO] [stderr]     Checking downcast-rs v1.2.0
[INFO] [stderr]     Checking same-file v1.0.6
[INFO] [stderr]    Compiling unicode-xid v0.2.1
[INFO] [stderr]    Compiling rayon-core v1.8.0
[INFO] [stderr]     Checking adler32 v1.2.0
[INFO] [stderr]     Checking xdg v2.2.0
[INFO] [stderr]    Compiling syn v1.0.40
[INFO] [stderr]     Checking smallvec v1.4.2
[INFO] [stderr]    Compiling proc-macro-hack v0.5.18
[INFO] [stderr]     Checking percent-encoding v2.1.0
[INFO] [stderr]     Checking gimli v0.22.0
[INFO] [stderr]    Compiling const_fn v0.4.2
[INFO] [stderr]     Checking color_quant v1.0.1
[INFO] [stderr]     Checking object v0.20.0
[INFO] [stderr]     Checking rustc-demangle v0.1.16
[INFO] [stderr]     Checking bytemuck v1.4.1
[INFO] [stderr]     Checking scoped_threadpool v0.1.9
[INFO] [stderr]     Checking fnv v1.0.7
[INFO] [stderr]    Compiling num-traits v0.2.12
[INFO] [stderr]    Compiling memoffset v0.5.5
[INFO] [stderr]    Compiling crossbeam-utils v0.7.2
[INFO] [stderr]    Compiling crossbeam-epoch v0.8.2
[INFO] [stderr]    Compiling num-integer v0.1.43
[INFO] [stderr]    Compiling rayon v1.4.0
[INFO] [stderr]    Compiling num-iter v0.1.41
[INFO] [stderr]    Compiling num-rational v0.3.0
[INFO] [stderr]    Compiling standback v0.2.10
[INFO] [stderr]    Compiling time v0.2.19
[INFO] [stderr]    Compiling libloading v0.5.2
[INFO] [stderr]     Checking walkdir v2.3.1
[INFO] [stderr]     Checking miniz_oxide v0.3.7
[INFO] [stderr]     Checking gif v0.10.3
[INFO] [stderr]    Compiling proc-macro2 v1.0.21
[INFO] [stderr]     Checking crc32fast v1.2.0
[INFO] [stderr]     Checking miniz_oxide v0.4.2
[INFO] [stderr]     Checking stb_truetype v0.3.1
[INFO] [stderr]     Checking deflate v0.8.6
[INFO] [stderr]    Compiling x11-dl v2.18.5
[INFO] [stderr]     Checking dlib v0.4.2
[INFO] [stderr]    Compiling gl_generator v0.14.0
[INFO] [stderr]    Compiling quote v1.0.7
[INFO] [stderr]     Checking tiff v0.5.0
[INFO] [stderr]     Checking wayland-sys v0.23.6
[INFO] [stderr]     Checking png v0.16.7
[INFO] [stderr]     Checking crossbeam-channel v0.4.4
[INFO] [stderr]     Checking iovec v0.1.4
[INFO] [stderr]     Checking net2 v0.2.35
[INFO] [stderr]     Checking parking_lot_core v0.7.2
[INFO] [stderr]     Checking num_cpus v1.13.0
[INFO] [stderr]     Checking memmap v0.7.0
[INFO] [stderr]     Checking shared_library v0.1.9
[INFO] [stderr]     Checking raw-window-handle v0.3.3
[INFO] [stderr]    Compiling quote v0.6.13
[INFO] [stderr]     Checking mio v0.6.22
[INFO] [stderr]     Checking crossbeam-deque v0.7.3
[INFO] [stderr]     Checking approx v0.3.2
[INFO] [stderr]     Checking ordered-float v1.1.0
[INFO] [stderr]     Checking line_drawing v0.7.0
[INFO] [stderr]     Checking parking_lot v0.10.2
[INFO] [stderr]     Checking osmesa-sys v0.1.2
[INFO] [stderr]    Compiling wayland-scanner v0.23.6
[INFO] [stderr]     Checking rusttype v0.8.3
[INFO] [stderr]    Compiling glutin_egl_sys v0.1.5
[INFO] [stderr]    Compiling glutin_glx_sys v0.1.7
[INFO] [stderr]    Compiling glium v0.27.0
[INFO] [stderr]    Compiling gl v0.14.0
[INFO] [stderr]     Checking addr2line v0.13.0
[INFO] [stderr]     Checking mio-extras v2.0.6
[INFO] [stderr]     Checking rusttype v0.7.9
[INFO] [stderr]     Checking andrew v0.2.1
[INFO] [stderr]     Checking backtrace v0.3.50
[INFO] [stderr]    Compiling wayland-client v0.23.6
[INFO] [stderr]    Compiling wayland-protocols v0.23.6
[INFO] [stderr]     Checking calloop v0.4.4
[INFO] [stderr]     Checking wayland-commons v0.23.6
[INFO] [stderr]     Checking jpeg-decoder v0.1.20
[INFO] [stderr]     Checking image v0.23.9
[INFO] [stderr]    Compiling time-macros-impl v0.1.1
[INFO] [stderr]     Checking time-macros v0.1.0
[INFO] [stderr]     Checking smithay-client-toolkit v0.6.6
[INFO] [stderr]     Checking winit v0.22.2
[INFO] [stderr]     Checking glutin v0.24.1
[INFO] [stderr]     Checking forced_fracture v0.0.1 (/opt/rustwide/workdir)
[INFO] [stdout] warning: unknown lint: `unstable`
[INFO] [stdout]  --> src/main.rs:3:10
[INFO] [stdout]   |
[INFO] [stdout] 3 | #![allow(unstable)]
[INFO] [stdout]   |          ^^^^^^^^
[INFO] [stdout]   |
[INFO] [stdout]   = note: `#[warn(unknown_lints)]` on by default
[INFO] [stdout] 
[INFO] [stdout] 
[INFO] [stdout] warning: unknown lint: `unstable`
[INFO] [stdout]  --> src/main.rs:3:10
[INFO] [stdout]   |
[INFO] [stdout] 3 | #![allow(unstable)]
[INFO] [stdout]   |          ^^^^^^^^
[INFO] [stdout]   |
[INFO] [stdout]   = note: `#[warn(unknown_lints)]` on by default
[INFO] [stdout] 
[INFO] [stdout] 
[INFO] [stdout] error[E0432]: unresolved import `glium::DisplayBuild`
[INFO] [stdout]   --> src/main.rs:10:13
[INFO] [stdout]    |
[INFO] [stdout] 10 | use glium::{DisplayBuild, Surface};
[INFO] [stdout]    |             ^^^^^^^^^^^^ no `DisplayBuild` in the root
[INFO] [stdout] 
[INFO] [stdout] 
[INFO] [stdout] error[E0432]: unresolved import `std::collections::VecMap`
[INFO] [stdout]   --> src/main.rs:16:5
[INFO] [stdout]    |
[INFO] [stdout] 16 | use std::collections::VecMap;
[INFO] [stdout]    |     ^^^^^^^^^^^^^^^^^^^^^^^^ no `VecMap` in `collections`
[INFO] [stdout] 
[INFO] [stdout] 
[INFO] [stdout] error[E0432]: unresolved import `std::num::ToPrimitive`
[INFO] [stdout]   --> src/main.rs:18:5
[INFO] [stdout]    |
[INFO] [stdout] 18 | use std::num::ToPrimitive; 
[INFO] [stdout]    |     ^^^^^^^^^^^^^^^^^^^^^ no `ToPrimitive` in `num`
[INFO] [stdout] 
[INFO] [stdout] 
[INFO] [stdout] error[E0432]: unresolved import `std::collections::VecMap`
[INFO] [stdout]  --> src/world.rs:1:5
[INFO] [stdout]   |
[INFO] [stdout] 1 | use std::collections::VecMap;
[INFO] [stdout]   |     ^^^^^^^^^^^^^^^^^^^^^^^^ no `VecMap` in `collections`
[INFO] [stdout] 
[INFO] [stdout] 
[INFO] [stdout] error[E0432]: unresolved import `std::collections::vec_map`
[INFO] [stdout]  --> src/world.rs:4:23
[INFO] [stdout]   |
[INFO] [stdout] 4 | use std::collections::vec_map::IterMut;
[INFO] [stdout]   |                       ^^^^^^^ could not find `vec_map` in `collections`
[INFO] [stdout] 
[INFO] [stdout] 
[INFO] [stdout] error[E0432]: unresolved import `std::marker::MarkerTrait`
[INFO] [stdout]  --> src/enitys.rs:8:5
[INFO] [stdout]   |
[INFO] [stdout] 8 | use std::marker::MarkerTrait;
[INFO] [stdout]   |     ^^^^^^^^^^^^^^^^^^^^^^^^ no `MarkerTrait` in `marker`
[INFO] [stdout] 
[INFO] [stdout] 
[INFO] [stdout] error[E0432]: unresolved import `glium::texture::Texture`
[INFO] [stdout]  --> src/render.rs:2:5
[INFO] [stdout]   |
[INFO] [stdout] 2 | use glium::texture::Texture;
[INFO] [stdout]   |     ^^^^^^^^^^^^^^^^-------
[INFO] [stdout]   |     |               |
[INFO] [stdout]   |     |               help: a similar name exists in the module: `Texture2d`
[INFO] [stdout]   |     no `Texture` in `texture`
[INFO] [stdout] 
[INFO] [stdout] 
[INFO] [stdout] error[E0432]: unresolved import `std::num::ToPrimitive`
[INFO] [stdout]   --> src/render.rs:49:13
[INFO] [stdout]    |
[INFO] [stdout] 49 |         use std::num::ToPrimitive; 
[INFO] [stdout]    |             ^^^^^^^^^^^^^^^^^^^^^ no `ToPrimitive` in `num`
[INFO] [stdout] 
[INFO] [stdout] 
[INFO] [stdout] error[E0432]: unresolved import `std::collections::VecMap`
[INFO] [stdout]   --> src/main.rs:66:17
[INFO] [stdout]    |
[INFO] [stdout] 66 |             use std::collections::VecMap;
[INFO] [stdout]    |                 ^^^^^^^^^^^^^^^^^^^^^^^^ no `VecMap` in `collections`
[INFO] [stdout] 
[INFO] [stdout] 
[INFO] [stdout] error[E0432]: unresolved import `glutin::VirtualKeyCode`
[INFO] [stdout]   --> src/main.rs:67:17
[INFO] [stdout]    |
[INFO] [stdout] 67 |             use glutin::VirtualKeyCode;
[INFO] [stdout]    |                 ^^^^^^^^^^^^^^^^^^^^^^ no `VirtualKeyCode` in the root
[INFO] [stdout] 
[INFO] [stdout] 
[INFO] [stdout] error[E0432]: unresolved import `glutin::VirtualKeyCode`
[INFO] [stdout]    --> src/main.rs:166:9
[INFO] [stdout]     |
[INFO] [stdout] 166 |     use glutin::VirtualKeyCode;
[INFO] [stdout]     |         ^^^^^^^^^^^^^^^^^^^^^^ no `VirtualKeyCode` in the root
[INFO] [stdout] 
[INFO] [stdout] 
[INFO] [stdout] error[E0433]: failed to resolve: could not find `glutin_backend` in `backend`
[INFO] [stdout]  --> src/world.rs:9:38
[INFO] [stdout]   |
[INFO] [stdout] 9 |    gl_contex: Option<glium::backend::glutin_backend::GlutinFacade>
[INFO] [stdout]   |                                      ^^^^^^^^^^^^^^ could not find `glutin_backend` in `backend`
[INFO] [stdout] 
[INFO] [stdout] 
[INFO] [stdout] error[E0433]: failed to resolve: could not find `glutin_backend` in `backend`
[INFO] [stdout]   --> src/world.rs:21:57
[INFO] [stdout]    |
[INFO] [stdout] 21 |     pub fn set_context(&mut self, disp: glium::backend::glutin_backend::GlutinFacade){
[INFO] [stdout]    |                                                         ^^^^^^^^^^^^^^ could not find `glutin_backend` in `backend`
[INFO] [stdout] 
[INFO] [stdout] 
[INFO] [stdout] error[E0433]: failed to resolve: could not find `glutin_backend` in `backend`
[INFO] [stdout]   --> src/world.rs:25:46
[INFO] [stdout]    |
[INFO] [stdout] 25 |     pub fn contex(&self) -> &glium::backend::glutin_backend::GlutinFacade{
[INFO] [stdout]    |                                              ^^^^^^^^^^^^^^ could not find `glutin_backend` in `backend`
[INFO] [stdout] 
[INFO] [stdout] 
[INFO] [stdout] error[E0433]: failed to resolve: could not find `Event` in `glutin`
[INFO] [stdout]   --> src/main.rs:73:33
[INFO] [stdout]    |
[INFO] [stdout] 73 |                         glutin::Event::Closed => panic!(),
[INFO] [stdout]    |                                 ^^^^^ could not find `Event` in `glutin`
[INFO] [stdout] 
[INFO] [stdout] 
[INFO] [stdout] error[E0433]: failed to resolve: could not find `Event` in `glutin`
[INFO] [stdout]   --> src/main.rs:74:33
[INFO] [stdout]    |
[INFO] [stdout] 74 |                         glutin::Event::KeyboardInput(ele_state,scan_code, vkey_code) 
[INFO] [stdout]    |                                 ^^^^^ could not find `Event` in `glutin`
[INFO] [stdout] 
[INFO] [stdout] 
[INFO] [stdout] error[E0433]: failed to resolve: could not find `Event` in `glutin`
[INFO] [stdout]    --> src/main.rs:172:25
[INFO] [stdout]     |
[INFO] [stdout] 172 |                 glutin::Event::Closed => panic!(),
[INFO] [stdout]     |                         ^^^^^ could not find `Event` in `glutin`
[INFO] [stdout] 
[INFO] [stdout] 
[INFO] [stdout] error[E0433]: failed to resolve: could not find `Event` in `glutin`
[INFO] [stdout]    --> src/main.rs:173:25
[INFO] [stdout]     |
[INFO] [stdout] 173 |                 glutin::Event::KeyboardInput(ele_state,scan_code, vkey_code) 
[INFO] [stdout]     |                         ^^^^^ could not find `Event` in `glutin`
[INFO] [stdout] 
[INFO] [stdout] 
[INFO] [stdout] error[E0425]: cannot find function, tuple struct or tuple variant `TriangleStrip` in module `glium::index`
[INFO] [stdout]   --> src/render.rs:38:71
[INFO] [stdout]    |
[INFO] [stdout] 38 |         let index_buffer = glium::IndexBuffer::new(disp,glium::index::TriangleStrip(vec![1 as u16, 2, 0, 3]));
[INFO] [stdout]    |                                                                       ^^^^^^^^^^^^^ not found in `glium::index`
[INFO] [stdout]    |
[INFO] [stdout] help: consider importing this unit variant
[INFO] [stdout]    |
[INFO] [stdout] 1  | use glium::index::PrimitiveType::TriangleStrip;
[INFO] [stdout]    |
[INFO] [stdout] 
[INFO] [stdout] 
[INFO] [stdout] error[E0425]: cannot find value `PNG` in crate `image`
[INFO] [stdout]   --> src/things/mobs.rs:22:120
[INFO] [stdout]    |
[INFO] [stdout] 22 |         let raw = image::load(Cursor::new(&include_bytes!("../../content/textures/actors/Full/DevDan.png")[..]),image::PNG).unwrap();
[INFO] [stdout]    |                                                                                                                        ^^^ not found in `image`
[INFO] [stdout] 
[INFO] [stdout] 
[INFO] [stdout] error[E0425]: cannot find value `PNG` in crate `image`
[INFO] [stdout]    --> src/things/mobs.rs:102:118
[INFO] [stdout]     |
[INFO] [stdout] 102 |         let raw = image::load(Cursor::new(&include_bytes!("../../content/textures/actors/Full/idle.png")[..]),image::PNG).unwrap();
[INFO] [stdout]     |                                                                                                                      ^^^ not found in `image`
[INFO] [stdout] 
[INFO] [stdout] 
[INFO] [stdout] error[E0425]: cannot find value `PNG` in crate `image`
[INFO] [stdout]    --> src/things/mobs.rs:158:121
[INFO] [stdout]     |
[INFO] [stdout] 158 |         let raw = image::load(Cursor::new(&include_bytes!("../../content/textures/blocks/surface rock.png")[..]),image::PNG).unwrap();
[INFO] [stdout]     |                                                                                                                         ^^^ not found in `image`
[INFO] [stdout] 
[INFO] [stdout] 
[INFO] [stdout] error[E0425]: cannot find function `now` in crate `time`
[INFO] [stdout]   --> src/main.rs:60:31
[INFO] [stdout]    |
[INFO] [stdout] 60 |     let mut last_time = time::now();
[INFO] [stdout]    |                               ^^^ not found in `time`
[INFO] [stdout] 
[INFO] [stdout] 
[INFO] [stdout] error[E0425]: cannot find function `now` in crate `time`
[INFO] [stdout]   --> src/main.rs:63:38
[INFO] [stdout]    |
[INFO] [stdout] 63 |         let span = last_time - time::now();
[INFO] [stdout]    |                                      ^^^ not found in `time`
[INFO] [stdout] 
[INFO] [stdout] 
[INFO] [stdout] error[E0433]: failed to resolve: could not find `WindowBuilder` in `glutin`
[INFO] [stdout]    --> src/main.rs:123:27
[INFO] [stdout]     |
[INFO] [stdout] 123 |     let display = glutin::WindowBuilder::new()
[INFO] [stdout]     |                           ^^^^^^^^^^^^^ not found in `glutin`
[INFO] [stdout]     |
[INFO] [stdout] help: consider importing this struct
[INFO] [stdout]     |
[INFO] [stdout] 10  | use glutin::window::WindowBuilder;
[INFO] [stdout]     |
[INFO] [stdout] 
[INFO] [stdout] 
[INFO] [stdout] warning: unused import: `Surface`
[INFO] [stdout]   --> src/main.rs:10:27
[INFO] [stdout]    |
[INFO] [stdout] 10 | use glium::{DisplayBuild, Surface};
[INFO] [stdout]    |                           ^^^^^^^
[INFO] [stdout]    |
[INFO] [stdout]    = note: `#[warn(unused_imports)]` on by default
[INFO] [stdout] 
[INFO] [stdout] 
[INFO] [stdout] warning: unused import: `std::io::Cursor`
[INFO] [stdout]   --> src/main.rs:11:5
[INFO] [stdout]    |
[INFO] [stdout] 11 | use std::io::Cursor;
[INFO] [stdout]    |     ^^^^^^^^^^^^^^^
[INFO] [stdout] 
[INFO] [stdout] 
[INFO] [stdout] warning: unused import: `things::mobs::DevDan`
[INFO] [stdout]   --> src/main.rs:17:5
[INFO] [stdout]    |
[INFO] [stdout] 17 | use things::mobs::DevDan;
[INFO] [stdout]    |     ^^^^^^^^^^^^^^^^^^^^
[INFO] [stdout] 
[INFO] [stdout] 
[INFO] [stdout] warning: unused import: `std`
[INFO] [stdout]  --> src/location.rs:5:5
[INFO] [stdout]   |
[INFO] [stdout] 5 | use std;
[INFO] [stdout]   |     ^^^
[INFO] [stdout] 
[INFO] [stdout] 
[INFO] [stdout] warning: unused import: `std::iter::Iterator`
[INFO] [stdout]  --> src/location.rs:6:5
[INFO] [stdout]   |
[INFO] [stdout] 6 | use std::iter::Iterator;
[INFO] [stdout]   |     ^^^^^^^^^^^^^^^^^^^
[INFO] [stdout] 
[INFO] [stdout] 
[INFO] [stdout] warning: trait objects without an explicit `dyn` are deprecated
[INFO] [stdout]  --> src/world.rs:8:20
[INFO] [stdout]   |
[INFO] [stdout] 8 |    map: VecMap<Box<Enity>>,
[INFO] [stdout]   |                    ^^^^^ help: use `dyn`: `dyn Enity`
[INFO] [stdout]   |
[INFO] [stdout]   = note: `#[warn(bare_trait_objects)]` on by default
[INFO] [stdout] 
[INFO] [stdout] 
[INFO] [stdout] warning: trait objects without an explicit `dyn` are deprecated
[INFO] [stdout]   --> src/world.rs:30:49
[INFO] [stdout]    |
[INFO] [stdout] 30 |     pub fn thing(&mut self, id : usize) -> &mut Enity {
[INFO] [stdout]    |                                                 ^^^^^ help: use `dyn`: `dyn Enity`
[INFO] [stdout] 
[INFO] [stdout] 
[INFO] [stdout] warning: trait objects without an explicit `dyn` are deprecated
[INFO] [stdout]   --> src/world.rs:34:35
[INFO] [stdout]    |
[INFO] [stdout] 34 |     pub fn add(& mut self, e: Box<Enity>) {
[INFO] [stdout]    |                                   ^^^^^ help: use `dyn`: `dyn Enity`
[INFO] [stdout] 
[INFO] [stdout] 
[INFO] [stdout] warning: unused import: `std::boxed::Box`
[INFO] [stdout]  --> src/enitys.rs:2:5
[INFO] [stdout]   |
[INFO] [stdout] 2 | use std::boxed::Box;
[INFO] [stdout]   |     ^^^^^^^^^^^^^^^
[INFO] [stdout] 
[INFO] [stdout] 
[INFO] [stdout] warning: unused import: `std::iter::Iterator`
[INFO] [stdout]  --> src/enitys.rs:5:5
[INFO] [stdout]   |
[INFO] [stdout] 5 | use std::iter::Iterator;
[INFO] [stdout]   |     ^^^^^^^^^^^^^^^^^^^
[INFO] [stdout] 
[INFO] [stdout] 
[INFO] [stdout] warning: unused import: `std`
[INFO] [stdout]  --> src/enitys.rs:6:5
[INFO] [stdout]   |
[INFO] [stdout] 6 | use std;
[INFO] [stdout]   |     ^^^
[INFO] [stdout] 
[INFO] [stdout] 
[INFO] [stdout] warning: trait objects without an explicit `dyn` are deprecated
[INFO] [stdout]   --> src/enitys.rs:16:38
[INFO] [stdout]    |
[INFO] [stdout] 16 |     fn draw_handle(&self) -> Option<&Drawable>{
[INFO] [stdout]    |                                      ^^^^^^^^ help: use `dyn`: `dyn Drawable`
[INFO] [stdout] 
[INFO] [stdout] 
[INFO] [stdout] warning: trait objects without an explicit `dyn` are deprecated
[INFO] [stdout]   --> src/enitys.rs:17:17
[INFO] [stdout]    |
[INFO] [stdout] 17 |         None::<&Drawable>
[INFO] [stdout]    |                 ^^^^^^^^ help: use `dyn`: `dyn Drawable`
[INFO] [stdout] 
[INFO] [stdout] 
[INFO] [stdout] warning: trait objects without an explicit `dyn` are deprecated
[INFO] [stdout]   --> src/enitys.rs:19:48
[INFO] [stdout]    |
[INFO] [stdout] 19 |     fn update_handle(&mut self) -> Option<&mut Updates>{
[INFO] [stdout]    |                                                ^^^^^^^ help: use `dyn`: `dyn Updates`
[INFO] [stdout] 
[INFO] [stdout] 
[INFO] [stdout] warning: trait objects without an explicit `dyn` are deprecated
[INFO] [stdout]   --> src/enitys.rs:20:21
[INFO] [stdout]    |
[INFO] [stdout] 20 |         None::<&mut Updates>
[INFO] [stdout]    |                     ^^^^^^^ help: use `dyn`: `dyn Updates`
[INFO] [stdout] 
[INFO] [stdout] 
[INFO] [stdout] warning: trait objects without an explicit `dyn` are deprecated
[INFO] [stdout]   --> src/enitys.rs:22:48
[INFO] [stdout]    |
[INFO] [stdout] 22 |     fn combat_handle(&mut self) -> Option<&mut Combat>{
[INFO] [stdout]    |                                                ^^^^^^ help: use `dyn`: `dyn Combat`
[INFO] [stdout] 
[INFO] [stdout] 
[INFO] [stdout] warning: trait objects without an explicit `dyn` are deprecated
[INFO] [stdout]   --> src/enitys.rs:23:21
[INFO] [stdout]    |
[INFO] [stdout] 23 |         None::<&mut Combat>
[INFO] [stdout]    |                     ^^^^^^ help: use `dyn`: `dyn Combat`
[INFO] [stdout] 
[INFO] [stdout] 
[INFO] [stdout] warning: trait objects without an explicit `dyn` are deprecated
[INFO] [stdout]   --> src/enitys.rs:28:24
[INFO] [stdout]    |
[INFO] [stdout] 28 |     fn panel(&self)-> &ImgVal;
[INFO] [stdout]    |                        ^^^^^^ help: use `dyn`: `dyn ImgVal`
[INFO] [stdout] 
[INFO] [stdout] 
[INFO] [stdout] warning: unnecessary parentheses around type
[INFO] [stdout]   --> src/enitys.rs:42:36
[INFO] [stdout]    |
[INFO] [stdout] 42 |     fn atk_bounds(&self) -> Option<(&Atk)>;
[INFO] [stdout]    |                                    ^^^^^^ help: remove these parentheses
[INFO] [stdout]    |
[INFO] [stdout]    = note: `#[warn(unused_parens)]` on by default
[INFO] [stdout] 
[INFO] [stdout] 
[INFO] [stdout] warning: unused import: `glutin`
[INFO] [stdout]  --> src/render.rs:5:5
[INFO] [stdout]   |
[INFO] [stdout] 5 | use glutin;
[INFO] [stdout]   |     ^^^^^^
[INFO] [stdout] 
[INFO] [stdout] 
[INFO] [stdout] warning: unused import: `std::boxed::Box`
[INFO] [stdout]   --> src/render.rs:10:5
[INFO] [stdout]    |
[INFO] [stdout] 10 | use std::boxed::Box;
[INFO] [stdout]    |     ^^^^^^^^^^^^^^^
[INFO] [stdout] 
[INFO] [stdout] 
[INFO] [stdout] warning: trait objects without an explicit `dyn` are deprecated
[INFO] [stdout]   --> src/render.rs:47:42
[INFO] [stdout]    |
[INFO] [stdout] 47 |         (&self,things: std::slice::Iter<&Drawable>, camera: &Vec2d)
[INFO] [stdout]    |                                          ^^^^^^^^ help: use `dyn`: `dyn Drawable`
[INFO] [stdout] 
[INFO] [stdout] 
[INFO] [stdout] warning: unused import: `world::*`
[INFO] [stdout]  --> src/things/mobs.rs:6:5
[INFO] [stdout]   |
[INFO] [stdout] 6 | use world::*;
[INFO] [stdout]   |     ^^^^^^^^
[INFO] [stdout] 
[INFO] [stdout] 
[INFO] [stdout] warning: unused import: `std::cell::RefCell`
[INFO] [stdout]  --> src/things/mobs.rs:7:5
[INFO] [stdout]   |
[INFO] [stdout] 7 | use std::cell::RefCell;
[INFO] [stdout]   |     ^^^^^^^^^^^^^^^^^^
[INFO] [stdout] 
[INFO] [stdout] 
[INFO] [stdout] warning: trait objects without an explicit `dyn` are deprecated
[INFO] [stdout]   --> src/things/mobs.rs:57:38
[INFO] [stdout]    |
[INFO] [stdout] 57 |     fn draw_handle(&self) -> Option<&Drawable>{
[INFO] [stdout]    |                                      ^^^^^^^^ help: use `dyn`: `dyn Drawable`
[INFO] [stdout] 
[INFO] [stdout] 
[INFO] [stdout] warning: trait objects without an explicit `dyn` are deprecated
[INFO] [stdout]   --> src/things/mobs.rs:58:16
[INFO] [stdout]    |
[INFO] [stdout] 58 |         let x:&Drawable = self;
[INFO] [stdout]    |                ^^^^^^^^ help: use `dyn`: `dyn Drawable`
[INFO] [stdout] 
[INFO] [stdout] 
[INFO] [stdout] warning: trait objects without an explicit `dyn` are deprecated
[INFO] [stdout]   --> src/things/mobs.rs:62:48
[INFO] [stdout]    |
[INFO] [stdout] 62 |     fn update_handle(&mut self) -> Option<&mut Updates>{
[INFO] [stdout]    |                                                ^^^^^^^ help: use `dyn`: `dyn Updates`
[INFO] [stdout] 
[INFO] [stdout] 
[INFO] [stdout] warning: trait objects without an explicit `dyn` are deprecated
[INFO] [stdout]   --> src/things/mobs.rs:63:21
[INFO] [stdout]    |
[INFO] [stdout] 63 |         let x: &mut Updates = self;
[INFO] [stdout]    |                     ^^^^^^^ help: use `dyn`: `dyn Updates`
[INFO] [stdout] 
[INFO] [stdout] 
[INFO] [stdout] warning: trait objects without an explicit `dyn` are deprecated
[INFO] [stdout]   --> src/things/mobs.rs:70:25
[INFO] [stdout]    |
[INFO] [stdout] 70 |     fn panel(&self) -> &ImgVal{
[INFO] [stdout]    |                         ^^^^^^ help: use `dyn`: `dyn ImgVal`
[INFO] [stdout] 
[INFO] [stdout] 
[INFO] [stdout] warning: trait objects without an explicit `dyn` are deprecated
[INFO] [stdout]   --> src/things/mobs.rs:71:16
[INFO] [stdout]    |
[INFO] [stdout] 71 |        let x: &ImgVal = &self.full_img; 
[INFO] [stdout]    |                ^^^^^^ help: use `dyn`: `dyn ImgVal`
[INFO] [stdout] 
[INFO] [stdout] 
[INFO] [stdout] warning: trait objects without an explicit `dyn` are deprecated
[INFO] [stdout]    --> src/things/mobs.rs:130:38
[INFO] [stdout]     |
[INFO] [stdout] 130 |     fn draw_handle(&self) -> Option<&Drawable>{
[INFO] [stdout]     |                                      ^^^^^^^^ help: use `dyn`: `dyn Drawable`
[INFO] [stdout] 
[INFO] [stdout] 
[INFO] [stdout] warning: trait objects without an explicit `dyn` are deprecated
[INFO] [stdout]    --> src/things/mobs.rs:131:16
[INFO] [stdout]     |
[INFO] [stdout] 131 |         let x:&Drawable = self;
[INFO] [stdout]     |                ^^^^^^^^ help: use `dyn`: `dyn Drawable`
[INFO] [stdout] 
[INFO] [stdout] 
[INFO] [stdout] warning: trait objects without an explicit `dyn` are deprecated
[INFO] [stdout]    --> src/things/mobs.rs:137:25
[INFO] [stdout]     |
[INFO] [stdout] 137 |     fn panel(&self) -> &ImgVal{
[INFO] [stdout]     |                         ^^^^^^ help: use `dyn`: `dyn ImgVal`
[INFO] [stdout] 
[INFO] [stdout] 
[INFO] [stdout] warning: trait objects without an explicit `dyn` are deprecated
[INFO] [stdout]    --> src/things/mobs.rs:138:17
[INFO] [stdout]     |
[INFO] [stdout] 138 |         let x: &ImgVal = &self.full_img;
[INFO] [stdout]     |                 ^^^^^^ help: use `dyn`: `dyn ImgVal`
[INFO] [stdout] 
[INFO] [stdout] 
[INFO] [stdout] warning: trait objects without an explicit `dyn` are deprecated
[INFO] [stdout]    --> src/things/mobs.rs:186:38
[INFO] [stdout]     |
[INFO] [stdout] 186 |     fn draw_handle(&self) -> Option<&Drawable>{
[INFO] [stdout]     |                                      ^^^^^^^^ help: use `dyn`: `dyn Drawable`
[INFO] [stdout] 
[INFO] [stdout] 
[INFO] [stdout] warning: trait objects without an explicit `dyn` are deprecated
[INFO] [stdout]    --> src/things/mobs.rs:187:16
[INFO] [stdout]     |
[INFO] [stdout] 187 |         let x:&Drawable = self;
[INFO] [stdout]     |                ^^^^^^^^ help: use `dyn`: `dyn Drawable`
[INFO] [stdout] 
[INFO] [stdout] 
[INFO] [stdout] warning: trait objects without an explicit `dyn` are deprecated
[INFO] [stdout]    --> src/things/mobs.rs:193:25
[INFO] [stdout]     |
[INFO] [stdout] 193 |     fn panel(&self) -> &ImgVal{
[INFO] [stdout]     |                         ^^^^^^ help: use `dyn`: `dyn ImgVal`
[INFO] [stdout] 
[INFO] [stdout] 
[INFO] [stdout] warning: trait objects without an explicit `dyn` are deprecated
[INFO] [stdout]    --> src/things/mobs.rs:194:17
[INFO] [stdout]     |
[INFO] [stdout] 194 |         let x: &ImgVal = &self.full_img;
[INFO] [stdout]     |                 ^^^^^^ help: use `dyn`: `dyn ImgVal`
[INFO] [stdout] 
[INFO] [stdout] 
[INFO] [stdout] warning: unused import: `things::mobs::*`
[INFO] [stdout]   --> src/main.rs:32:9
[INFO] [stdout]    |
[INFO] [stdout] 32 |     use things::mobs::*;
[INFO] [stdout]    |         ^^^^^^^^^^^^^^^
[INFO] [stdout] 
[INFO] [stdout] 
[INFO] [stdout] warning: trait objects without an explicit `dyn` are deprecated
[INFO] [stdout]   --> src/main.rs:35:32
[INFO] [stdout]    |
[INFO] [stdout] 35 |     let mut world : VecMap<Box<Enity>>= VecMap::new();
[INFO] [stdout]    |                                ^^^^^ help: use `dyn`: `dyn Enity`
[INFO] [stdout] 
[INFO] [stdout] 
[INFO] [stdout] warning: trait objects without an explicit `dyn` are deprecated
[INFO] [stdout]    --> src/main.rs:134:33
[INFO] [stdout]     |
[INFO] [stdout] 134 | fn setup(world: &mut VecMap<Box<enitys::Enity>>){
[INFO] [stdout]     |                                 ^^^^^^^^^^^^^ help: use `dyn`: `dyn enitys::Enity`
[INFO] [stdout] 
[INFO] [stdout] 
[INFO] [stdout] error[E0107]: wrong number of type arguments: expected 1, found 0
[INFO] [stdout]   --> src/render.rs:16:20
[INFO] [stdout]    |
[INFO] [stdout] 16 |     img_index_org: glium::IndexBuffer
[INFO] [stdout]    |                    ^^^^^^^^^^^^^^^^^^ expected 1 type argument
[INFO] [stdout] 
[INFO] [stdout] 
[INFO] [stdout] error[E0432]: unresolved import `glium::DisplayBuild`
[INFO] [stdout]   --> src/main.rs:10:13
[INFO] [stdout]    |
[INFO] [stdout] 10 | use glium::{DisplayBuild, Surface};
[INFO] [stdout]    |             ^^^^^^^^^^^^ no `DisplayBuild` in the root
[INFO] [stdout] 
[INFO] [stdout] 
[INFO] [stdout] error[E0432]: unresolved import `std::collections::VecMap`
[INFO] [stdout]   --> src/main.rs:16:5
[INFO] [stdout]    |
[INFO] [stdout] 16 | use std::collections::VecMap;
[INFO] [stdout]    |     ^^^^^^^^^^^^^^^^^^^^^^^^ no `VecMap` in `collections`
[INFO] [stdout] 
[INFO] [stdout] 
[INFO] [stdout] error[E0432]: unresolved import `std::num::ToPrimitive`
[INFO] [stdout]   --> src/main.rs:18:5
[INFO] [stdout]    |
[INFO] [stdout] 18 | use std::num::ToPrimitive; 
[INFO] [stdout]    |     ^^^^^^^^^^^^^^^^^^^^^ no `ToPrimitive` in `num`
[INFO] [stdout] 
[INFO] [stdout] 
[INFO] [stdout] error[E0432]: unresolved import `std::collections::VecMap`
[INFO] [stdout]  --> src/world.rs:1:5
[INFO] [stdout]   |
[INFO] [stdout] 1 | use std::collections::VecMap;
[INFO] [stdout]   |     ^^^^^^^^^^^^^^^^^^^^^^^^ no `VecMap` in `collections`
[INFO] [stdout] 
[INFO] [stdout] 
[INFO] [stdout] error[E0432]: unresolved import `std::collections::vec_map`
[INFO] [stdout]  --> src/world.rs:4:23
[INFO] [stdout]   |
[INFO] [stdout] 4 | use std::collections::vec_map::IterMut;
[INFO] [stdout]   |                       ^^^^^^^ could not find `vec_map` in `collections`
[INFO] [stdout] 
[INFO] [stdout] 
[INFO] [stdout] error[E0432]: unresolved import `std::marker::MarkerTrait`
[INFO] [stdout]  --> src/enitys.rs:8:5
[INFO] [stdout]   |
[INFO] [stdout] 8 | use std::marker::MarkerTrait;
[INFO] [stdout]   |     ^^^^^^^^^^^^^^^^^^^^^^^^ no `MarkerTrait` in `marker`
[INFO] [stdout] 
[INFO] [stdout] 
[INFO] [stdout] error[E0432]: unresolved import `glium::texture::Texture`
[INFO] [stdout]  --> src/render.rs:2:5
[INFO] [stdout]   |
[INFO] [stdout] 2 | use glium::texture::Texture;
[INFO] [stdout]   |     ^^^^^^^^^^^^^^^^-------
[INFO] [stdout]   |     |               |
[INFO] [stdout]   |     |               help: a similar name exists in the module: `Texture2d`
[INFO] [stdout]   |     no `Texture` in `texture`
[INFO] [stdout] 
[INFO] [stdout] 
[INFO] [stdout] error[E0432]: unresolved import `std::num::ToPrimitive`
[INFO] [stdout]   --> src/render.rs:49:13
[INFO] [stdout]    |
[INFO] [stdout] 49 |         use std::num::ToPrimitive; 
[INFO] [stdout]    |             ^^^^^^^^^^^^^^^^^^^^^ no `ToPrimitive` in `num`
[INFO] [stdout] 
[INFO] [stdout] 
[INFO] [stdout] error[E0432]: unresolved import `std::collections::VecMap`
[INFO] [stdout]   --> src/main.rs:66:17
[INFO] [stdout]    |
[INFO] [stdout] 66 |             use std::collections::VecMap;
[INFO] [stdout]    |                 ^^^^^^^^^^^^^^^^^^^^^^^^ no `VecMap` in `collections`
[INFO] [stdout] 
[INFO] [stdout] 
[INFO] [stdout] error[E0432]: unresolved import `glutin::VirtualKeyCode`
[INFO] [stdout]   --> src/main.rs:67:17
[INFO] [stdout]    |
[INFO] [stdout] 67 |             use glutin::VirtualKeyCode;
[INFO] [stdout]    |                 ^^^^^^^^^^^^^^^^^^^^^^ no `VirtualKeyCode` in the root
[INFO] [stdout] 
[INFO] [stdout] 
[INFO] [stdout] error[E0432]: unresolved import `glutin::VirtualKeyCode`
[INFO] [stdout]    --> src/main.rs:166:9
[INFO] [stdout]     |
[INFO] [stdout] 166 |     use glutin::VirtualKeyCode;
[INFO] [stdout]     |         ^^^^^^^^^^^^^^^^^^^^^^ no `VirtualKeyCode` in the root
[INFO] [stdout] 
[INFO] [stdout] 
[INFO] [stdout] error[E0433]: failed to resolve: could not find `glutin_backend` in `backend`
[INFO] [stdout]  --> src/world.rs:9:38
[INFO] [stdout]   |
[INFO] [stdout] 9 |    gl_contex: Option<glium::backend::glutin_backend::GlutinFacade>
[INFO] [stdout]   |                                      ^^^^^^^^^^^^^^ could not find `glutin_backend` in `backend`
[INFO] [stdout] 
[INFO] [stdout] 
[INFO] [stdout] error[E0433]: failed to resolve: could not find `glutin_backend` in `backend`
[INFO] [stdout]   --> src/world.rs:21:57
[INFO] [stdout]    |
[INFO] [stdout] 21 |     pub fn set_context(&mut self, disp: glium::backend::glutin_backend::GlutinFacade){
[INFO] [stdout]    |                                                         ^^^^^^^^^^^^^^ could not find `glutin_backend` in `backend`
[INFO] [stdout] 
[INFO] [stdout] 
[INFO] [stdout] error[E0433]: failed to resolve: could not find `glutin_backend` in `backend`
[INFO] [stdout]   --> src/world.rs:25:46
[INFO] [stdout]    |
[INFO] [stdout] 25 |     pub fn contex(&self) -> &glium::backend::glutin_backend::GlutinFacade{
[INFO] [stdout]    |                                              ^^^^^^^^^^^^^^ could not find `glutin_backend` in `backend`
[INFO] [stdout] 
[INFO] [stdout] 
[INFO] [stdout] error: aborting due to 26 previous errors; 42 warnings emitted
[INFO] [stdout] 
[INFO] [stdout] 
[INFO] [stdout] Some errors have detailed explanations: E0107, E0425, E0432, E0433.
[INFO] [stdout] 
[INFO] [stdout] For more information about an error, try `rustc --explain E0107`.
[INFO] [stdout] 
[INFO] [stderr] error: could not compile `forced_fracture`.
[INFO] [stderr] 
[INFO] [stderr] To learn more, run the command again with --verbose.
[INFO] [stderr] warning: build failed, waiting for other jobs to finish...
[INFO] [stdout] error[E0433]: failed to resolve: could not find `Event` in `glutin`
[INFO] [stdout]   --> src/main.rs:73:33
[INFO] [stdout]    |
[INFO] [stdout] 73 |                         glutin::Event::Closed => panic!(),
[INFO] [stdout]    |                                 ^^^^^ could not find `Event` in `glutin`
[INFO] [stdout] 
[INFO] [stdout] 
[INFO] [stdout] error[E0433]: failed to resolve: could not find `Event` in `glutin`
[INFO] [stdout]   --> src/main.rs:74:33
[INFO] [stdout]    |
[INFO] [stdout] 74 |                         glutin::Event::KeyboardInput(ele_state,scan_code, vkey_code) 
[INFO] [stdout]    |                                 ^^^^^ could not find `Event` in `glutin`
[INFO] [stdout] 
[INFO] [stdout] 
[INFO] [stdout] error[E0433]: failed to resolve: could not find `Event` in `glutin`
[INFO] [stdout]    --> src/main.rs:172:25
[INFO] [stdout]     |
[INFO] [stdout] 172 |                 glutin::Event::Closed => panic!(),
[INFO] [stdout]     |                         ^^^^^ could not find `Event` in `glutin`
[INFO] [stdout] 
[INFO] [stdout] 
[INFO] [stdout] error[E0433]: failed to resolve: could not find `Event` in `glutin`
[INFO] [stdout]    --> src/main.rs:173:25
[INFO] [stdout]     |
[INFO] [stdout] 173 |                 glutin::Event::KeyboardInput(ele_state,scan_code, vkey_code) 
[INFO] [stdout]     |                         ^^^^^ could not find `Event` in `glutin`
[INFO] [stdout] 
[INFO] [stdout] 
[INFO] [stdout] error[E0425]: cannot find function, tuple struct or tuple variant `TriangleStrip` in module `glium::index`
[INFO] [stdout]   --> src/render.rs:38:71
[INFO] [stdout]    |
[INFO] [stdout] 38 |         let index_buffer = glium::IndexBuffer::new(disp,glium::index::TriangleStrip(vec![1 as u16, 2, 0, 3]));
[INFO] [stdout]    |                                                                       ^^^^^^^^^^^^^ not found in `glium::index`
[INFO] [stdout]    |
[INFO] [stdout] help: consider importing this unit variant
[INFO] [stdout]    |
[INFO] [stdout] 1  | use glium::index::PrimitiveType::TriangleStrip;
[INFO] [stdout]    |
[INFO] [stdout] 
[INFO] [stdout] 
[INFO] [stdout] error[E0425]: cannot find value `PNG` in crate `image`
[INFO] [stdout]   --> src/things/mobs.rs:22:120
[INFO] [stdout]    |
[INFO] [stdout] 22 |         let raw = image::load(Cursor::new(&include_bytes!("../../content/textures/actors/Full/DevDan.png")[..]),image::PNG).unwrap();
[INFO] [stdout]    |                                                                                                                        ^^^ not found in `image`
[INFO] [stdout] 
[INFO] [stdout] 
[INFO] [stdout] error[E0425]: cannot find value `PNG` in crate `image`
[INFO] [stdout]    --> src/things/mobs.rs:102:118
[INFO] [stdout]     |
[INFO] [stdout] 102 |         let raw = image::load(Cursor::new(&include_bytes!("../../content/textures/actors/Full/idle.png")[..]),image::PNG).unwrap();
[INFO] [stdout]     |                                                                                                                      ^^^ not found in `image`
[INFO] [stdout] 
[INFO] [stdout] 
[INFO] [stdout] error[E0425]: cannot find value `PNG` in crate `image`
[INFO] [stdout]    --> src/things/mobs.rs:158:121
[INFO] [stdout]     |
[INFO] [stdout] 158 |         let raw = image::load(Cursor::new(&include_bytes!("../../content/textures/blocks/surface rock.png")[..]),image::PNG).unwrap();
[INFO] [stdout]     |                                                                                                                         ^^^ not found in `image`
[INFO] [stdout] 
[INFO] [stdout] 
[INFO] [stdout] error[E0425]: cannot find function `now` in crate `time`
[INFO] [stdout]   --> src/main.rs:60:31
[INFO] [stdout]    |
[INFO] [stdout] 60 |     let mut last_time = time::now();
[INFO] [stdout]    |                               ^^^ not found in `time`
[INFO] [stdout] 
[INFO] [stdout] 
[INFO] [stdout] error[E0425]: cannot find function `now` in crate `time`
[INFO] [stdout]   --> src/main.rs:63:38
[INFO] [stdout]    |
[INFO] [stdout] 63 |         let span = last_time - time::now();
[INFO] [stdout]    |                                      ^^^ not found in `time`
[INFO] [stdout] 
[INFO] [stdout] 
[INFO] [stdout] error[E0433]: failed to resolve: could not find `WindowBuilder` in `glutin`
[INFO] [stdout]    --> src/main.rs:123:27
[INFO] [stdout]     |
[INFO] [stdout] 123 |     let display = glutin::WindowBuilder::new()
[INFO] [stdout]     |                           ^^^^^^^^^^^^^ not found in `glutin`
[INFO] [stdout]     |
[INFO] [stdout] help: consider importing this struct
[INFO] [stdout]     |
[INFO] [stdout] 10  | use glutin::window::WindowBuilder;
[INFO] [stdout]     |
[INFO] [stdout] 
[INFO] [stdout] 
[INFO] [stdout] warning: unused import: `Surface`
[INFO] [stdout]   --> src/main.rs:10:27
[INFO] [stdout]    |
[INFO] [stdout] 10 | use glium::{DisplayBuild, Surface};
[INFO] [stdout]    |                           ^^^^^^^
[INFO] [stdout]    |
[INFO] [stdout]    = note: `#[warn(unused_imports)]` on by default
[INFO] [stdout] 
[INFO] [stdout] 
[INFO] [stdout] warning: unused import: `std::io::Cursor`
[INFO] [stdout]   --> src/main.rs:11:5
[INFO] [stdout]    |
[INFO] [stdout] 11 | use std::io::Cursor;
[INFO] [stdout]    |     ^^^^^^^^^^^^^^^
[INFO] [stdout] 
[INFO] [stdout] 
[INFO] [stdout] warning: unused import: `things::mobs::DevDan`
[INFO] [stdout]   --> src/main.rs:17:5
[INFO] [stdout]    |
[INFO] [stdout] 17 | use things::mobs::DevDan;
[INFO] [stdout]    |     ^^^^^^^^^^^^^^^^^^^^
[INFO] [stdout] 
[INFO] [stdout] 
[INFO] [stdout] warning: unused import: `std`
[INFO] [stdout]  --> src/location.rs:5:5
[INFO] [stdout]   |
[INFO] [stdout] 5 | use std;
[INFO] [stdout]   |     ^^^
[INFO] [stdout] 
[INFO] [stdout] 
[INFO] [stdout] warning: unused import: `std::iter::Iterator`
[INFO] [stdout]  --> src/location.rs:6:5
[INFO] [stdout]   |
[INFO] [stdout] 6 | use std::iter::Iterator;
[INFO] [stdout]   |     ^^^^^^^^^^^^^^^^^^^
[INFO] [stdout] 
[INFO] [stdout] 
[INFO] [stdout] warning: trait objects without an explicit `dyn` are deprecated
[INFO] [stdout]  --> src/world.rs:8:20
[INFO] [stdout]   |
[INFO] [stdout] 8 |    map: VecMap<Box<Enity>>,
[INFO] [stdout]   |                    ^^^^^ help: use `dyn`: `dyn Enity`
[INFO] [stdout]   |
[INFO] [stdout]   = note: `#[warn(bare_trait_objects)]` on by default
[INFO] [stdout] 
[INFO] [stdout] 
[INFO] [stdout] warning: trait objects without an explicit `dyn` are deprecated
[INFO] [stdout]   --> src/world.rs:30:49
[INFO] [stdout]    |
[INFO] [stdout] 30 |     pub fn thing(&mut self, id : usize) -> &mut Enity {
[INFO] [stdout]    |                                                 ^^^^^ help: use `dyn`: `dyn Enity`
[INFO] [stdout] 
[INFO] [stdout] 
[INFO] [stdout] warning: trait objects without an explicit `dyn` are deprecated
[INFO] [stdout]   --> src/world.rs:34:35
[INFO] [stdout]    |
[INFO] [stdout] 34 |     pub fn add(& mut self, e: Box<Enity>) {
[INFO] [stdout]    |                                   ^^^^^ help: use `dyn`: `dyn Enity`
[INFO] [stdout] 
[INFO] [stdout] 
[INFO] [stdout] warning: unused import: `std::boxed::Box`
[INFO] [stdout]  --> src/enitys.rs:2:5
[INFO] [stdout]   |
[INFO] [stdout] 2 | use std::boxed::Box;
[INFO] [stdout]   |     ^^^^^^^^^^^^^^^
[INFO] [stdout] 
[INFO] [stdout] 
[INFO] [stdout] warning: unused import: `std::iter::Iterator`
[INFO] [stdout]  --> src/enitys.rs:5:5
[INFO] [stdout]   |
[INFO] [stdout] 5 | use std::iter::Iterator;
[INFO] [stdout]   |     ^^^^^^^^^^^^^^^^^^^
[INFO] [stdout] 
[INFO] [stdout] 
[INFO] [stdout] warning: unused import: `std`
[INFO] [stdout]  --> src/enitys.rs:6:5
[INFO] [stdout]   |
[INFO] [stdout] 6 | use std;
[INFO] [stdout]   |     ^^^
[INFO] [stdout] 
[INFO] [stdout] 
[INFO] [stdout] warning: trait objects without an explicit `dyn` are deprecated
[INFO] [stdout]   --> src/enitys.rs:16:38
[INFO] [stdout]    |
[INFO] [stdout] 16 |     fn draw_handle(&self) -> Option<&Drawable>{
[INFO] [stdout]    |                                      ^^^^^^^^ help: use `dyn`: `dyn Drawable`
[INFO] [stdout] 
[INFO] [stdout] 
[INFO] [stdout] warning: trait objects without an explicit `dyn` are deprecated
[INFO] [stdout]   --> src/enitys.rs:17:17
[INFO] [stdout]    |
[INFO] [stdout] 17 |         None::<&Drawable>
[INFO] [stdout]    |                 ^^^^^^^^ help: use `dyn`: `dyn Drawable`
[INFO] [stdout] 
[INFO] [stdout] 
[INFO] [stdout] warning: trait objects without an explicit `dyn` are deprecated
[INFO] [stdout]   --> src/enitys.rs:19:48
[INFO] [stdout]    |
[INFO] [stdout] 19 |     fn update_handle(&mut self) -> Option<&mut Updates>{
[INFO] [stdout]    |                                                ^^^^^^^ help: use `dyn`: `dyn Updates`
[INFO] [stdout] 
[INFO] [stdout] 
[INFO] [stdout] warning: trait objects without an explicit `dyn` are deprecated
[INFO] [stdout]   --> src/enitys.rs:20:21
[INFO] [stdout]    |
[INFO] [stdout] 20 |         None::<&mut Updates>
[INFO] [stdout]    |                     ^^^^^^^ help: use `dyn`: `dyn Updates`
[INFO] [stdout] 
[INFO] [stdout] 
[INFO] [stdout] warning: trait objects without an explicit `dyn` are deprecated
[INFO] [stdout]   --> src/enitys.rs:22:48
[INFO] [stdout]    |
[INFO] [stdout] 22 |     fn combat_handle(&mut self) -> Option<&mut Combat>{
[INFO] [stdout]    |                                                ^^^^^^ help: use `dyn`: `dyn Combat`
[INFO] [stdout] 
[INFO] [stdout] 
[INFO] [stdout] warning: trait objects without an explicit `dyn` are deprecated
[INFO] [stdout]   --> src/enitys.rs:23:21
[INFO] [stdout]    |
[INFO] [stdout] 23 |         None::<&mut Combat>
[INFO] [stdout]    |                     ^^^^^^ help: use `dyn`: `dyn Combat`
[INFO] [stdout] 
[INFO] [stdout] 
[INFO] [stdout] warning: trait objects without an explicit `dyn` are deprecated
[INFO] [stdout]   --> src/enitys.rs:28:24
[INFO] [stdout]    |
[INFO] [stdout] 28 |     fn panel(&self)-> &ImgVal;
[INFO] [stdout]    |                        ^^^^^^ help: use `dyn`: `dyn ImgVal`
[INFO] [stdout] 
[INFO] [stdout] 
[INFO] [stdout] warning: unnecessary parentheses around type
[INFO] [stdout]   --> src/enitys.rs:42:36
[INFO] [stdout]    |
[INFO] [stdout] 42 |     fn atk_bounds(&self) -> Option<(&Atk)>;
[INFO] [stdout]    |                                    ^^^^^^ help: remove these parentheses
[INFO] [stdout]    |
[INFO] [stdout]    = note: `#[warn(unused_parens)]` on by default
[INFO] [stdout] 
[INFO] [stdout] 
[INFO] [stdout] warning: unused import: `glutin`
[INFO] [stdout]  --> src/render.rs:5:5
[INFO] [stdout]   |
[INFO] [stdout] 5 | use glutin;
[INFO] [stdout]   |     ^^^^^^
[INFO] [stdout] 
[INFO] [stdout] 
[INFO] [stdout] warning: unused import: `std::boxed::Box`
[INFO] [stdout]   --> src/render.rs:10:5
[INFO] [stdout]    |
[INFO] [stdout] 10 | use std::boxed::Box;
[INFO] [stdout]    |     ^^^^^^^^^^^^^^^
[INFO] [stdout] 
[INFO] [stdout] 
[INFO] [stdout] warning: trait objects without an explicit `dyn` are deprecated
[INFO] [stdout]   --> src/render.rs:47:42
[INFO] [stdout]    |
[INFO] [stdout] 47 |         (&self,things: std::slice::Iter<&Drawable>, camera: &Vec2d)
[INFO] [stdout]    |                                          ^^^^^^^^ help: use `dyn`: `dyn Drawable`
[INFO] [stdout] 
[INFO] [stdout] 
[INFO] [stdout] warning: unused import: `world::*`
[INFO] [stdout]  --> src/things/mobs.rs:6:5
[INFO] [stdout]   |
[INFO] [stdout] 6 | use world::*;
[INFO] [stdout]   |     ^^^^^^^^
[INFO] [stdout] 
[INFO] [stdout] 
[INFO] [stdout] warning: unused import: `std::cell::RefCell`
[INFO] [stdout]  --> src/things/mobs.rs:7:5
[INFO] [stdout]   |
[INFO] [stdout] 7 | use std::cell::RefCell;
[INFO] [stdout]   |     ^^^^^^^^^^^^^^^^^^
[INFO] [stdout] 
[INFO] [stdout] 
[INFO] [stdout] warning: trait objects without an explicit `dyn` are deprecated
[INFO] [stdout]   --> src/things/mobs.rs:57:38
[INFO] [stdout]    |
[INFO] [stdout] 57 |     fn draw_handle(&self) -> Option<&Drawable>{
[INFO] [stdout]    |                                      ^^^^^^^^ help: use `dyn`: `dyn Drawable`
[INFO] [stdout] 
[INFO] [stdout] 
[INFO] [stdout] warning: trait objects without an explicit `dyn` are deprecated
[INFO] [stdout]   --> src/things/mobs.rs:58:16
[INFO] [stdout]    |
[INFO] [stdout] 58 |         let x:&Drawable = self;
[INFO] [stdout]    |                ^^^^^^^^ help: use `dyn`: `dyn Drawable`
[INFO] [stdout] 
[INFO] [stdout] 
[INFO] [stdout] warning: trait objects without an explicit `dyn` are deprecated
[INFO] [stdout]   --> src/things/mobs.rs:62:48
[INFO] [stdout]    |
[INFO] [stdout] 62 |     fn update_handle(&mut self) -> Option<&mut Updates>{
[INFO] [stdout]    |                                                ^^^^^^^ help: use `dyn`: `dyn Updates`
[INFO] [stdout] 
[INFO] [stdout] 
[INFO] [stdout] warning: trait objects without an explicit `dyn` are deprecated
[INFO] [stdout]   --> src/things/mobs.rs:63:21
[INFO] [stdout]    |
[INFO] [stdout] 63 |         let x: &mut Updates = self;
[INFO] [stdout]    |                     ^^^^^^^ help: use `dyn`: `dyn Updates`
[INFO] [stdout] 
[INFO] [stdout] 
[INFO] [stdout] warning: trait objects without an explicit `dyn` are deprecated
[INFO] [stdout]   --> src/things/mobs.rs:70:25
[INFO] [stdout]    |
[INFO] [stdout] 70 |     fn panel(&self) -> &ImgVal{
[INFO] [stdout]    |                         ^^^^^^ help: use `dyn`: `dyn ImgVal`
[INFO] [stdout] 
[INFO] [stdout] 
[INFO] [stdout] warning: trait objects without an explicit `dyn` are deprecated
[INFO] [stdout]   --> src/things/mobs.rs:71:16
[INFO] [stdout]    |
[INFO] [stdout] 71 |        let x: &ImgVal = &self.full_img; 
[INFO] [stdout]    |                ^^^^^^ help: use `dyn`: `dyn ImgVal`
[INFO] [stdout] 
[INFO] [stdout] 
[INFO] [stdout] warning: trait objects without an explicit `dyn` are deprecated
[INFO] [stdout]    --> src/things/mobs.rs:130:38
[INFO] [stdout]     |
[INFO] [stdout] 130 |     fn draw_handle(&self) -> Option<&Drawable>{
[INFO] [stdout]     |                                      ^^^^^^^^ help: use `dyn`: `dyn Drawable`
[INFO] [stdout] 
[INFO] [stdout] 
[INFO] [stdout] warning: trait objects without an explicit `dyn` are deprecated
[INFO] [stdout]    --> src/things/mobs.rs:131:16
[INFO] [stdout]     |
[INFO] [stdout] 131 |         let x:&Drawable = self;
[INFO] [stdout]     |                ^^^^^^^^ help: use `dyn`: `dyn Drawable`
[INFO] [stdout] 
[INFO] [stdout] 
[INFO] [stdout] warning: trait objects without an explicit `dyn` are deprecated
[INFO] [stdout]    --> src/things/mobs.rs:137:25
[INFO] [stdout]     |
[INFO] [stdout] 137 |     fn panel(&self) -> &ImgVal{
[INFO] [stdout]     |                         ^^^^^^ help: use `dyn`: `dyn ImgVal`
[INFO] [stdout] 
[INFO] [stdout] 
[INFO] [stdout] warning: trait objects without an explicit `dyn` are deprecated
[INFO] [stdout]    --> src/things/mobs.rs:138:17
[INFO] [stdout]     |
[INFO] [stdout] 138 |         let x: &ImgVal = &self.full_img;
[INFO] [stdout]     |                 ^^^^^^ help: use `dyn`: `dyn ImgVal`
[INFO] [stdout] 
[INFO] [stdout] 
[INFO] [stdout] warning: trait objects without an explicit `dyn` are deprecated
[INFO] [stdout]    --> src/things/mobs.rs:186:38
[INFO] [stdout]     |
[INFO] [stdout] 186 |     fn draw_handle(&self) -> Option<&Drawable>{
[INFO] [stdout]     |                                      ^^^^^^^^ help: use `dyn`: `dyn Drawable`
[INFO] [stdout] 
[INFO] [stdout] 
[INFO] [stdout] warning: trait objects without an explicit `dyn` are deprecated
[INFO] [stdout]    --> src/things/mobs.rs:187:16
[INFO] [stdout]     |
[INFO] [stdout] 187 |         let x:&Drawable = self;
[INFO] [stdout]     |                ^^^^^^^^ help: use `dyn`: `dyn Drawable`
[INFO] [stdout] 
[INFO] [stdout] 
[INFO] [stdout] warning: trait objects without an explicit `dyn` are deprecated
[INFO] [stdout]    --> src/things/mobs.rs:193:25
[INFO] [stdout]     |
[INFO] [stdout] 193 |     fn panel(&self) -> &ImgVal{
[INFO] [stdout]     |                         ^^^^^^ help: use `dyn`: `dyn ImgVal`
[INFO] [stdout] 
[INFO] [stdout] 
[INFO] [stdout] warning: trait objects without an explicit `dyn` are deprecated
[INFO] [stdout]    --> src/things/mobs.rs:194:17
[INFO] [stdout]     |
[INFO] [stdout] 194 |         let x: &ImgVal = &self.full_img;
[INFO] [stdout]     |                 ^^^^^^ help: use `dyn`: `dyn ImgVal`
[INFO] [stdout] 
[INFO] [stdout] 
[INFO] [stdout] warning: unused import: `things::mobs::*`
[INFO] [stdout]   --> src/main.rs:32:9
[INFO] [stdout]    |
[INFO] [stdout] 32 |     use things::mobs::*;
[INFO] [stdout]    |         ^^^^^^^^^^^^^^^
[INFO] [stdout] 
[INFO] [stdout] 
[INFO] [stdout] warning: trait objects without an explicit `dyn` are deprecated
[INFO] [stdout]   --> src/main.rs:35:32
[INFO] [stdout]    |
[INFO] [stdout] 35 |     let mut world : VecMap<Box<Enity>>= VecMap::new();
[INFO] [stdout]    |                                ^^^^^ help: use `dyn`: `dyn Enity`
[INFO] [stdout] 
[INFO] [stdout] 
[INFO] [stdout] warning: trait objects without an explicit `dyn` are deprecated
[INFO] [stdout]    --> src/main.rs:134:33
[INFO] [stdout]     |
[INFO] [stdout] 134 | fn setup(world: &mut VecMap<Box<enitys::Enity>>){
[INFO] [stdout]     |                                 ^^^^^^^^^^^^^ help: use `dyn`: `dyn enitys::Enity`
[INFO] [stdout] 
[INFO] [stdout] 
[INFO] [stdout] error[E0107]: wrong number of type arguments: expected 1, found 0
[INFO] [stdout]   --> src/render.rs:16:20
[INFO] [stdout]    |
[INFO] [stdout] 16 |     img_index_org: glium::IndexBuffer
[INFO] [stdout]    |                    ^^^^^^^^^^^^^^^^^^ expected 1 type argument
[INFO] [stdout] 
[INFO] [stdout] 
[INFO] [stdout] error: aborting due to 26 previous errors; 42 warnings emitted
[INFO] [stdout] 
[INFO] [stdout] 
[INFO] [stdout] Some errors have detailed explanations: E0107, E0425, E0432, E0433.
[INFO] [stdout] 
[INFO] [stdout] For more information about an error, try `rustc --explain E0107`.
[INFO] [stdout] 
[INFO] [stderr] error: build failed
[INFO] running `Command { std: "docker" "inspect" "c76c15cf2bfa5829b66d7774092dccd3239ad33e3a984edd53ae1f598104f37b", kill_on_drop: false }`
[INFO] running `Command { std: "docker" "rm" "-f" "c76c15cf2bfa5829b66d7774092dccd3239ad33e3a984edd53ae1f598104f37b", kill_on_drop: false }`
[INFO] [stdout] c76c15cf2bfa5829b66d7774092dccd3239ad33e3a984edd53ae1f598104f37b
